 13, -5*g - 4*f + 0 = 30. Let w(o) = o**3 + o**2 + 10*o - 12*o + 0*o**3. Calculate w(g).
0
Let r(c) = 4*c + 42. Let h be -14 + 0 - (-2 - (-2 + 2)). Let y be r(h). Let b(f) = -f**2 - 6*f + 4. Determine b(y).
4
Let f be (-1)/2 - (-5)/2. Suppose f = -11*t + 10*t. Let a(b) = 5*b + 1. Determine a(t).
-9
Let c(q) = 6*q - 2. Let g(o) = 24*o - 8. Let y(w) = 9*c(w) - 2*g(w). Suppose -6*p - 2 = -7*p. What is y(p)?
10
Let m(y) = -4*y + 18518 - 18518 + y**2. Let n be 2/7 - (-19)/7. What is m(n)?
-3
Let u(q) = -13*q**2 + 3*q + 9. Let r(y) = 35*y**2 - 9*y - 25. Let g(d) = -3*r(d) - 8*u(d). Calculate g(5).
-7
Let u(i) = -2*i + 11. Let c be u(5). Let r(m) be the third derivative of m**4/24 - m**3/6 + 31*m**2. What is r(c)?
0
Let q(u) = u**3 + 5*u**2 - 8*u - 2. Suppose -149 = -4*t - 173. Give q(t).
10
Let n be (0 - -3)/(-7 - (-140)/21). Let l(a) = a**3 + 9*a**2 - a - 8. Give l(n).
1
Let b(j) = j**3 - 10*j**2 - 2*j + 9. Let a = 197 - 187. Calculate b(a).
-11
Suppose -b = -2*y - 59, 2*y = y + 3*b - 17. Let i = y + 23. Let z be 4 + (3 + -2)*i. Let w(u) = -2*u**2 - 6*u + 6. What is w(z)?
-14
Let u(w) = -5*w**3 - 7*w**2 + 13*w + 6. Let q(h) = -4*h**3 - 7*h**2 + 12*h + 7. Let g(f) = 4*q(f) - 3*u(f). What is g(-7)?
-53
Let d(f) = -f**3 + 2*f**2 + 15*f + 9. Let m be d(5). Let o(t) = 2*t - 11. What is o(m)?
7
Let j(p) = p**3 - p - 1. Suppose 0 = 24*w - 34*w - 10. Calculate j(w).
-1
Let p = 1 - 1. Let k(d) = -165*d + 329*d + 5 - 165*d - 1. What is k(p)?
4
Suppose 0 = t + 5*t. Let h(i) = -3*i - 1 + t*i - 2 + 2*i. Give h(-7).
4
Let u be ((-15)/(-10))/((-74)/40 + 2). Let a be (-16 - -17)/((-2)/u). Let z(n) = -n**2 - n + 6. Calculate z(a).
-14
Let j be 1/2 + 18/4. Let d be (1 - -1)/(-11 - -12). Let h(m) = -4*m - 3*m - d + 4*m. Give h(j).
-17
Suppose -4*j + 2307 = 5*n + 2335, -35 = -2*n + 5*j. Let a(c) = 6 + 4 - 5*c**3 + 4*c**3. Give a(n).
10
Let j(r) = -r - 14. Let w(u) = -u - 14. Let k(a) = 3*j(a) - 4*w(a). Suppose -4*i - 3*q = -23, -4*q = -4*i + 3*i + 20. Suppose -13 - i = 3*p. Determine k(p).
7
Let w = -437 + 440. Let n(s) = -s**2 + 5*s - 3. What is n(w)?
3
Let u = -32 + 34. Let q be 0/5*u/(-4). Let l(g) = g**3 - g**2 + g + 2. What is l(q)?
2
Let s be ((-2)/(-18))/((-26)/(-39)). Let z(p) be the second derivative of -2*p + s*p**3 - 1/2*p**2 + 0. Determine z(1).
0
Let k(q) be the second derivative of -q**4/12 - 2*q**3/3 + q**2 + 4*q. Let v be k(-5). Let b(u) = -u**2 - 4*u + 2. Give b(v).
5
Suppose 3*z - 11 = -2*z - k, -5*k = 3*z + 11. Suppose -a = 5*j + 17, -z*a = -2*a - 4*j - 19. Let d(v) = 7*v + 2*v**2 - 3*v - 4*v**2 - 1 - 2. Determine d(a).
-9
Let z(t) be the first derivative of t**4/4 + 10*t**3/3 - 6*t**2 + 11*t - 415. Give z(-11).
22
Let b(g) = -g**2 - g - 1. Let u(m) = -8*m**2 + 2*m + 10*m**2 - 6*m**2 - 4. Let d(j) = -5*b(j) + u(j). Give d(-6).
-5
Let m(y) be the first derivative of 2*y**2 + 2*y + 7. Let d(n) = -17*n - 9. Let p(f) = 2*d(f) + 9*m(f). Determine p(3).
6
Let s(y) be the second derivative of -y**5/20 - y**3/6 + y**2 + 6*y. Calculate s(0).
2
Let y(j) be the first derivative of -j**2/2 - 2*j + 67. What is y(3)?
-5
Let c(x) be the second derivative of x**3/2 - 25*x**2 - 10*x - 12. What is c(20)?
10
Let m be -15 + 18 - (2 - 1). Suppose m*l - 3*a + 9 = 0, 5*l - 2*a - 5 = -0*l. Let n(i) = -i**2 + i + i - 4 - i + l. Determine n(2).
-3
Let f = -128 - -48. Let d = f + 83. Let h(q) = q**2 + q - 1. What is h(d)?
11
Let o(y) = 2*y**2 + 2*y - 2. Let r be o(-7). Let l = -88 + r. Let w(c) = -5*c + c**2 - 8*c**2 - c**3 + 0*c**2 - 5. What is w(l)?
-11
Let j = 56 + -167/3. Let q(w) be the second derivative of 2*w + 0 + j*w**3 - 3/2*w**2. Give q(2).
1
Let p(d) = 3*d + 6. Let q(s) = s**3 - 7*s**2 - 3*s + 4. Let j be q(5). Let r = j + 56. Calculate p(r).
-9
Let i(r) = -r**2 - 4*r - 3. Let l(u) = u**3 + 19*u**2 + 18*u - 4. Let k be l(-18). Let y = -6 - k. Calculate i(y).
1
Let o(t) = -5*t - 86 - 82 + 337 - 88 - 86. What is o(-5)?
20
Let g(w) = 3*w**2 - 1. Suppose 7*j = 3*x - 0*j - 35, -3*j = -x + 15. Determine g(x).
-1
Suppose 3*g - 29 = -4*z, -5*z = -3*g - 18 + 2. Let y(f) = 7*f - 15. Determine y(g).
6
Let q(x) be the first derivative of x**3/3 - x**2/2 - 2*x + 1254. Suppose 4*y + 0 + 12 = 0. Give q(y).
10
Let n(v) = -v**3 + 6*v**2 + 6*v - 1. Let q(t) = -t**3 - 4*t**2 - 4*t - 9. Suppose -8 = 2*m, 5*m + 33 + 3 = -4*w. Let b be q(w). Calculate n(b).
-8
Suppose -5*y = -4*y - 5. Suppose 3*i - 5 = -y*o, 2*o - 2 = 3*i - 2*i. Let a(w) = -w + w - 3*w**2. Give a(o).
-3
Suppose 377 - 401 = 4*g + 4*s, -5*g - 10 = s. Let o(a) = 4*a - 1. Let k(h) = h. Let t(j) = 5*k(j) - o(j). What is t(g)?
0
Let y(q) = -2*q + 4*q - 7 - q. Suppose -5*d = 2*d - 84. Suppose 22 = 2*u + d. Determine y(u).
-2
Let v(j) be the first derivative of -j**4/4 + 19*j**3/3 + 10*j**2 - 8*j - 131. Determine v(20).
-8
Let d(s) be the second derivative of s**5/20 - 5*s**4/6 + 11*s**3/6 - 13*s**2/2 + s. Let q be (-598)/(-66) - (2481/99 + -25). Give d(q).
5
Let i(y) = -y**3 - 12*y**2 + 13*y + 4. Suppose -5*a = 2*x - 5*x + 74, 19 = -a + 2*x. Calculate i(a).
4
Suppose -2 - 14 = -4*c. Suppose -u + 3 = -x - 7, -4*u = c*x - 48. Let a(r) = 18 - u + r**2 - 9 - 5*r. Give a(6).
4
Let l(k) = 2*k**3 + k**2 - 2*k. Let s be l(-2). Suppose 2*x + 3*x = -50. Let a = x - s. Let n(h) = -h**3 - 2*h**2 + 2*h + 2. Determine n(a).
-2
Let l(b) = b**2 - 10*b - 11. Let v(u) = -5*u**2 + 39*u + 45. Let q(n) = -9*l(n) - 2*v(n). Determine q(-12).
9
Let p = 14 + -6. Suppose -2*i - 2*i - p = 0. Let o = i + 8. Let h(u) = -u + 3. Give h(o).
-3
Let o be ((-2)/6)/(2/(-21)) + -2. Let g(h) be the second derivative of -o*h**3 - 1/2*h**2 - 12*h + 0. Give g(2).
-19
Let k be 19 + (-6)/(-3) - -3. Let y = 4 - 30. Let j = y + k. Let o(l) = 2*l**2 + l - 1. Calculate o(j).
5
Let j(f) be the third derivative of f**6/120 + 7*f**5/60 + 5*f**4/24 - 5*f**3/3 - 16*f**2 - 2. Give j(-6).
-4
Let s(n) = -2*n**3 - 2*n**2 + n - 1. Let a(d) = -d**2 - 16*d + 19. Let t be a(-17). Determine s(t).
-23
Let y(u) = -u**3 + 11*u**2 + 12*u - 3. Let v be (-2)/((-2)/(-4)*(-16)/12). Suppose -9 = -2*b - v*o, -15 = -11*o + 14*o. Determine y(b).
-3
Let j be 3 + ((-112)/24)/((-2)/18). Suppose -41 = -2*c - j. Let x(h) = -3*h + 1. Calculate x(c).
7
Let d = -12 + 17. Let b(h) = -d + 15 - h - 2. What is b(5)?
3
Let p(b) = 5 - 2 - 5 - b + 2. Calculate p(2).
-2
Suppose 0 = -23*z + 21*z + 12. Let m(v) be the third derivative of -1/12*v**4 + v**2 + v**3 + 0*v + 0. Determine m(z).
-6
Let l(u) = 5*u + 7. Let t(q) = 3. Let x(f) = l(f) - 5*t(f). Calculate x(-2).
-18
Suppose -7*t + 4*t = 0. Suppose -3*r - r = t. Let u = r - 2. Let j(k) = -2*k**3 + 3*k + 3. What is j(u)?
13
Let c(s) = s - 2. Let m(f) = -2*f - 9. Let q(g) = -3*c(g) - m(g). Determine q(12).
3
Let q(o) = -14 + 45 - 13 - 27 + 5*o. Calculate q(8).
31
Suppose -3*n + 4*u - 18 = 0, -2*n + n - 4*u + 10 = 0. Let i(g) = 5*g + 11. Let q(f) = -f - 2. Let o(d) = 4*i(d) + 22*q(d). Determine o(n).
4
Let j(h) = -4*h + 43 + 2*h**2 + h**2 - 44 + 3*h. Give j(-1).
3
Let s(c) = -c**2 + c + 12. Let a(i) = i**3 + 2*i**2 - 3*i - 2. Let d be a(-2). Suppose 5*j - q = -d*q + 3, 0 = -2*j - q + 1. What is s(j)?
12
Suppose 0 = 21*h - 20*h - 2. Let k(x) = 0*x**2 + h*x**3 + 2 + x + 6*x**2 - x**3 - 3*x**2. Give k(-2).
4
Let r(j) be the second derivative of j**4/12 + 5*j**3/3 - 11*j**2/2 + j + 36. Suppose -2*f = -5*f - 33. Let t be r(f). Let w(h) = -h**2 + 11. What is w(t)?
11
Let k = 17 + -28. Let c = k - -17. Let o(v) = -3*v + v**2 - c + 7 - 5. What is o(3)?
-4
Let w(x) = 22*x - 18. Let o be w(1). Let g(r) = 7*r + 13. What is g(o)?
41
Let a(w) = -27 + 3*w - 5 + 0*w + 21. Determine a(6).
7
Let p(f) = f - 2*f - 79 + 82. Determine p(7).
-4
Let g(x) = x**3 - 6*x**2 - 9*x - 5. Suppose -29*t + 28*t = -7. Determine g(t).
-19
Let x(r) = r**3 + 48*r**2 + r + 16. Let u(a) = -a**3 - 41*a**2 - a - 17. Let s(m) = -7*u(m) - 6*x(m). Determine s(0).
23
Let k(g) = g + 1. Let z be k(2). Suppose 0 = 4*r + 5 + z. Let y(l) = -2*l**2 - l + 2. Calculate y(r).
-4
Suppose -12135*z = -12144*z - 63. Let i(d) be the third derivative of -d**6/120 - 2*d**5/15 - d**4/3 - d**3/6 - d**2. Give i(z).
6
Let b(k) = k**2 - 5*k + 5. Let n = -133 + 85. Let r = n + 53. Calculate b(r).
5
Suppose -5*m - 21 = 2*l + 5, 12 = -m + 3*l. Let v(y) = 3*y - 3. Let n be v(2). Let c(z) = 3*z**3 - z + z**3 + 6*z**2 - 3*z**n. W